 -30263?
-30273
In base 8, what is 756 - 333?
423
In base 16, what is -2 + -1291f?
-12921
In base 13, what is -21325 + 0?
-21325
In base 16, what is 6436 + 13?
6449
In base 5, what is 314343 + -4?
314334
In base 12, what is -18234 - 70?
-182a4
In base 11, what is -21 + 519?
4a8
In base 14, what is -4 + -289c0?
-289c4
In base 14, what is -9a2 - 5?
-9a7
In base 14, what is 0 - d3b59?
-d3b59
In base 3, what is 11202 + 120210122?
120222101
In base 8, what is -6273370 + 1?
-6273367
In base 3, what is -10 + -11100120?
-11100200
In base 10, what is -4 - 1834608?
-1834612
In base 12, what is -13b6 - 98?
-1492
In base 13, what is 2273 - 5?
226b
In base 9, what is -460 - 67?
-537
In base 15, what is -2 - a7cc?
-a7ce
In base 5, what is -2442310 - -10?
-2442300
In base 14, what is -1 + -1712?
-1713
In base 4, what is 11230 + 201?
12031
In base 3, what is 110110 + -11010?
22100
In base 2, what is 10001010000 - 1001101111?
111100001
In base 7, what is -301 + 563?
262
In base 16, what is -69 + -355?
-3be
In base 12, what is 2bb5 + -4?
2bb1
In base 14, what is 17 + 17a85?
17a9c
In base 13, what is -10292b + -4?
-102932
In base 16, what is -30 + 1382?
1352
In base 15, what is -2ad - -3976?
36b8
In base 14, what is -bd1 + 2ba?
-915
In base 14, what is -752 + 2a?
-726
In base 4, what is 10 + 23103210?
23103220
In base 2, what is 10010 + -10000111001?
-10000100111
In base 7, what is -3165526 - 4?
-3165533
In base 6, what is -14012 - 43?
-14055
In base 5, what is -3032201 + 2?
-3032144
In base 16, what is 150a - 7?
1503
In base 7, what is -1 + -461343?
-461344
In base 4, what is 0 - -111233?
111233
In base 12, what is -876 + -316?
-b90
In base 9, what is -124510 + 21?
-124478
In base 14, what is -21 - bd8?
-c19
In base 11, what is -11023 - -19?
-11005
In base 10, what is -7 - -6442?
6435
In base 11, what is 9876 + -26?
9850
In base 9, what is -40270 - 1?
-40271
In base 13, what is -4c - -660?
611
In base 2, what is 10011011 - -1110001?
100001100
In base 7, what is -1 - -11055263?
11055262
In base 14, what is -9d646 - -3?
-9d643
In base 15, what is c4 + 44?
118
In base 11, what is -3 + -5a91?
-5a94
In base 15, what is -78ba - d?
-78c8
In base 16, what is -3127 - -4a?
-30dd
In base 13, what is -141 + 513?
3a2
In base 12, what is -446 - -342?
-104
In base 7, what is -1365 + -12644?
-14342
In base 15, what is -4 + -20717?
-2071b
In base 11, what is 3649a + -122?
36378
In base 8, what is -60 - -132166?
132106
In base 11, what is 3 - -20679?
20681
In base 7, what is 5 + -301152?
-301144
In base 5, what is -3430043 - -13?
-3430030
In base 5, what is 14 - 30013222?
-30013203
In base 5, what is 13 - 21432?
-21414
In base 12, what is 64a29 + 0?
64a29
In base 7, what is -1 + 260040?
260036
In base 5, what is 12 + -2141?
-2124
In base 11, what is -3 - 755563?
-755566
In base 14, what is -1d2b + 15c?
-1bad
In base 7, what is 11066 - 24?
11042
In base 14, what is 2 - 143808?
-143806
In base 2, what is 1101 + -1001010?
-111101
In base 9, what is 4526 - -5?
4532
In base 9, what is 0 + 1061386?
1061386
In base 12, what is -3695 + -4b2?
-3b87
In base 5, what is 1201 + 124?
1330
In base 7, what is -254 + -201?
-455
In base 16, what is 2fb16 - 6?
2fb10
In base 12, what is 5948 - 9?
593b
In base 6, what is 332 - 10203?
-5431
In base 7, what is -404 - -520?
113
In base 3, what is -121102102210 + 0?
-121102102210
In base 9, what is 3210 - 3?
3206
In base 12, what is -6 - 1424?
-142a
In base 10, what is 43 - 78778?
-78735
In base 7, what is 5643 - -152?
6125
In base 12, what is -8498 - -7?
-8491
In base 4, what is 130 + -1010132?
-1010002
In base 9, what is 4 + -2344?
-2340
In base 6, what is -2 - 3502550?
-3502552
In base 5, what is 212211 + -1131?
211030
In base 4, what is -1112202 + 1?
-1112201
In base 16, what is -1d88d + -4?
-1d891
In base 3, what is 12 - 10001010?
-10000221
In base 12, what is 520 + 18?
538
In base 9, what is -1562 + -170?
-1742
In base 9, what is 270053 - -2?
270055
In base 14, what is -22 + 24c?
22a
In base 8, what is 330 - 14?
314
In base 8, what is 1527 + -742?
565
In base 11, what is -4592 + a?
-4583
In base 7, what is 13 + 102260?
102303
In base 12, what is -210 - 68?
-278
In base 16, what is bd5 - 3?
bd2
In base 3, what is -11102122 + 10201?
-11021221
In base 8, what is -2022306 + -5?
-2022313
In base 14, what is -390b - -3?
-3908
In base 4, what is 10222 + 1303?
12131
In base 2, what is 10011001 + -1100101111011?
-1100011100010
In base 8, what is 4 + -414?
-410
In base 13, what is -2a437 + -2?
-2a439
In base 12, what is 5 + -60a26?
-60a21
In base 5, what is 2222 - -131402?
134124
In base 16, what is 13 - 44?
-31
In base 15, what is -3268 - -5?
-3263
In base 12, what is -1100 - 63?
-1163
In base 14, what is 3b1 + -1b?
394
In base 16, what is -4 - -1419?
1415
In base 4, what is 10 + -1303223?
-1303213
In base 11, what is -177a89 + 4?
-177a85
In base 11, what is 6 + -2617?
-2611
In base 14, what is 47 + -a08?
-9a1
In base 5, what is 12424244 - 4?
12424240
In base 11, what is 4634 - -99?
4722
In base 3, what is -101111 - -11020201?
10212020
In base 5, what is -10 + 31041302?
31041242
In base 15, what is ca690 - 1?
ca68e
In base 13, what is 1b877 - 4?
1b873
In base 7, what is 1264656 + 4?
1264663
In base 4, what is 20212 - -131232?
212110
In base 12, what is -11 + -1021?
-1032
In base 3, what is -121 - -1002120212?
1002120021
In base 15, what is -5333 + -2?
-5335
In base 2, what is 0 + 1000000111000000000?
1000000111000000000
In base 16, what is -62 + -4e0?
-542
In base 9, what is -38252 - 5?
-38257
In base 9, what is 134630 + -5?
134624
In base 7, what is -406611 - -15?
-406563
In base 15, what is 4d1 - 4?
4cc
In base 2, what is 100000111 - 111110000?
-11101001
In base 13, what is -34376a - -5?
-343765
In base 15, what is 1e5e8e + 0?
1e5e8e
In base 10, what is -38 - -6358?
6320
In base 9, what is -501 - 16224?
-16725
In base 10, what is 13402 + -23?
13379
In base 13, what is 3 - 1075b4?
-1075b1
In base 10, what is -5 + 1050323?
1050318
In base 4, what is -2022022 + -31?
-2022113
In base 9, what is -38240 - -2?
-38237
In base 15, what is -10 + 2e6d?
2e5d
In base 16, what is 68e15 - 2?
68e13
In base 14, what is -13 + -3797b?
-37990
In base 6, what is -5 - -41545404?
41545355
In base 6, what is -1 + 42255?
42254
In base 15, what is -1ca + -36c7?
-38a2
In base 2, what is 1001011010 + -110001?
1000101001
In base 7, what is 2430503 - 4?
2430466
In base 14, what is -31d8a2 + -2?
-31d8a4
In base 7, what is 4 - -2336?
2343
In base 5, what is -1040 + -24011?
-30101
In base 4, what is 2123121 + 23?
2123210
In base 9, what is -23 + -14521?
-14544
In base 10, what is -82890 - -1?
-82889
In base 14, what is -12d + a?
-123
In base 11, what is 145 + 917?
a61
In base 16, what is 48c6 - 36?
4890
In base 15, what is c96 + -3?
c93
In base 12, what is 26392 + 3?
26395
In base 10, what is 160 - 666?
-506
In base 13, what is 3 - 3997?
-3994
In base 16, what is -18 - -299b?
2983
In base 3, what is 1200200 + -11022?
1112101
In base 7, what is -35302014 + 4?
-35302010
In base 3, what is 1002121102 - 2?
1002121100
In base 5, what is 1443102 + -20?
1443032
In base 3, what is -220200021 - 100101?
-221000122
In base 2, what is -10010111 - 10010001101011?
-10010100000010
In base 10, what is 394531 - -5?
394536
In base 6, what is 55 - 15255?
-15200
In base 8, what is -7272 + -5?
-7277
In base 5, what is 302042 + 322?
302414
In base 11, what is -485 - -165?
-320
In base 16, what is 2218 + 2?
221a
In base 15, what is 7e - -9698?
9727
In base 12, what is -b5 - -11a?
25
In base 5, what is 1342020143 - -1?
1342020144
In base 12, what is 12436 + -2?
12434
In base 16, what is 455 + -27?
42e
In base 16, what is -30 - -442?
412
In base 9, what is 37446 - 165?
37271
In base 15, what is -16ad + d6?
-15c7
In base 3, what is 1120202 - 1020?
1112112
In base 9, what is -1830 - -307?
-1522
In base 3, what is -20221000200 + -2?
-20221000202
In base 15, what is 2b2 + -3b7?
-105
In base 6, what is 124315 - 531?
123344
In base 5, what is 23 - 210334?
-210311
In base 4, what is -1200 + 213101?
211301
In base 13, what is -a265a - 2?
-a265c
In base 7, what is 10001 + 142?
10143
In base 8, what is -7236 - 132?
-7370
In base 4, what is -301030 - -13?
-301011
In base 10, what is -218 + -13398?
-13616
In base 12, 